{"id":2,"date":"2024-12-24T13:17:08","date_gmt":"2024-12-24T13:17:08","guid":{"rendered":"https:\/\/limpiezaseragone.rkinformatika.online\/?page_id=2"},"modified":"2025-02-06T17:12:17","modified_gmt":"2025-02-06T17:12:17","slug":"inicio","status":"publish","type":"page","link":"https:\/\/limpiezaslamiaberri.com\/eus\/","title":{"rendered":"Hasiera"},"content":{"rendered":"\t\t<div data-elementor-type=\"wp-page\" data-elementor-id=\"2\" class=\"elementor elementor-2\" data-elementor-post-type=\"page\">\n\t\t\t\t\t\t<section class=\"elementor-section elementor-top-section elementor-element elementor-element-977b1ce elementor-section-full_width elementor-section-height-default elementor-section-height-default\" data-id=\"977b1ce\" data-element_type=\"section\" data-e-type=\"section\" data-settings=\"{&quot;background_slideshow_gallery&quot;:[{&quot;id&quot;:872,&quot;url&quot;:&quot;https:\\\/\\\/limpiezaslamiaberri.com\\\/wp-content\\\/uploads\\\/2025\\\/02\\\/9129.jpg&quot;},{&quot;id&quot;:873,&quot;url&quot;:&quot;https:\\\/\\\/limpiezaslamiaberri.com\\\/wp-content\\\/uploads\\\/2025\\\/02\\\/4347.jpg&quot;},{&quot;id&quot;:874,&quot;url&quot;:&quot;https:\\\/\\\/limpiezaslamiaberri.com\\\/wp-content\\\/uploads\\\/2025\\\/02\\\/2788.jpg&quot;}],&quot;background_background&quot;:&quot;slideshow&quot;,&quot;background_slideshow_ken_burns&quot;:&quot;yes&quot;,&quot;background_slideshow_loop&quot;:&quot;yes&quot;,&quot;background_slideshow_slide_duration&quot;:5000,&quot;background_slideshow_slide_transition&quot;:&quot;fade&quot;,&quot;background_slideshow_transition_duration&quot;:500,&quot;background_slideshow_ken_burns_zoom_direction&quot;:&quot;in&quot;}\">\n\t\t\t\t\t\t\t<div class=\"elementor-background-overlay\"><\/div>\n\t\t\t\t\t\t\t<div class=\"elementor-container elementor-column-gap-no\">\n\t\t\t\t\t<div class=\"elementor-column elementor-col-100 elementor-top-column elementor-element elementor-element-143ed610\" data-id=\"143ed610\" data-element_type=\"column\" data-e-type=\"column\">\n\t\t\t<div class=\"elementor-widget-wrap elementor-element-populated\">\n\t\t\t\t\t\t<div class=\"elementor-element elementor-element-bb4bad5 elementor-invisible elementor-widget elementor-widget-heading\" data-id=\"bb4bad5\" data-element_type=\"widget\" data-e-type=\"widget\" data-settings=\"{&quot;_animation&quot;:&quot;zoomIn&quot;}\" data-widget_type=\"heading.default\">\n\t\t\t\t<div class=\"elementor-widget-container\">\n\t\t\t\t\t<h2 class=\"elementor-heading-title elementor-size-default\">Bienvenidos A  Limpiezas Lamiaberri<\/h2>\t\t\t\t<\/div>\n\t\t\t\t<\/div>\n\t\t\t\t<div class=\"elementor-element elementor-element-ce73f72 elementor-invisible elementor-widget elementor-widget-heading\" data-id=\"ce73f72\" data-element_type=\"widget\" data-e-type=\"widget\" data-settings=\"{&quot;_animation&quot;:&quot;zoomIn&quot;,&quot;_animation_delay&quot;:200}\" data-widget_type=\"heading.default\">\n\t\t\t\t<div class=\"elementor-widget-container\">\n\t\t\t\t\t<h2 class=\"elementor-heading-title elementor-size-default\">\u00a1Tu limpieza en manos de expertos!<\/h2>\t\t\t\t<\/div>\n\t\t\t\t<\/div>\n\t\t\t\t<div class=\"elementor-element elementor-element-c828174 elementor-invisible elementor-widget elementor-widget-heading\" data-id=\"c828174\" data-element_type=\"widget\" data-e-type=\"widget\" data-settings=\"{&quot;_animation&quot;:&quot;zoomIn&quot;,&quot;_animation_delay&quot;:400}\" data-widget_type=\"heading.default\">\n\t\t\t\t<div class=\"elementor-widget-container\">\n\t\t\t\t\t<h2 class=\"elementor-heading-title elementor-size-default\">Adaptado a tus necesidades<\/h2>\t\t\t\t<\/div>\n\t\t\t\t<\/div>\n\t\t\t\t<div class=\"elementor-element elementor-element-4541657 elementor-align-center elementor-invisible elementor-widget elementor-widget-button\" data-id=\"4541657\" data-element_type=\"widget\" data-e-type=\"widget\" data-settings=\"{&quot;_animation&quot;:&quot;zoomIn&quot;,&quot;_animation_delay&quot;:600}\" data-widget_type=\"button.default\">\n\t\t\t\t<div class=\"elementor-widget-container\">\n\t\t\t\t\t\t\t\t\t<div class=\"elementor-button-wrapper\">\n\t\t\t\t\t<a class=\"elementor-button elementor-button-link elementor-size-sm elementor-animation-bob\" href=\"https:\/\/limpiezaslamiaberri.com\/contacto\/\">\n\t\t\t\t\t\t<span class=\"elementor-button-content-wrapper\">\n\t\t\t\t\t\t\t\t\t<span class=\"elementor-button-text\">Reserva Ahora<\/span>\n\t\t\t\t\t<\/span>\n\t\t\t\t\t<\/a>\n\t\t\t\t<\/div>\n\t\t\t\t\t\t\t\t<\/div>\n\t\t\t\t<\/div>\n\t\t\t\t\t<\/div>\n\t\t<\/div>\n\t\t\t\t\t<\/div>\n\t\t<\/section>\n\t\t\t\t<section class=\"elementor-section elementor-top-section elementor-element elementor-element-5bbdefab elementor-section-content-middle elementor-section-full_width elementor-section-height-default elementor-section-height-default\" data-id=\"5bbdefab\" data-element_type=\"section\" data-e-type=\"section\" data-settings=\"{&quot;background_background&quot;:&quot;classic&quot;}\">\n\t\t\t\t\t\t<div class=\"elementor-container elementor-column-gap-default\">\n\t\t\t\t\t<div class=\"elementor-column elementor-col-50 elementor-top-column elementor-element elementor-element-747f223b elementor-invisible\" data-id=\"747f223b\" data-element_type=\"column\" data-e-type=\"column\" data-settings=\"{&quot;background_background&quot;:&quot;classic&quot;,&quot;animation&quot;:&quot;fadeInUp&quot;}\">\n\t\t\t<div class=\"elementor-widget-wrap elementor-element-populated\">\n\t\t\t\t\t\t<div class=\"elementor-element elementor-element-f1181f4 elementor-invisible elementor-widget elementor-widget-spacer\" data-id=\"f1181f4\" data-element_type=\"widget\" data-e-type=\"widget\" data-settings=\"{&quot;_animation&quot;:&quot;fadeInLeft&quot;}\" data-widget_type=\"spacer.default\">\n\t\t\t\t<div class=\"elementor-widget-container\">\n\t\t\t\t\t\t\t<div class=\"elementor-spacer\">\n\t\t\t<div class=\"elementor-spacer-inner\"><\/div>\n\t\t<\/div>\n\t\t\t\t\t\t<\/div>\n\t\t\t\t<\/div>\n\t\t\t\t\t<\/div>\n\t\t<\/div>\n\t\t\t\t<div class=\"elementor-column elementor-col-50 elementor-top-column elementor-element elementor-element-688fb21d\" data-id=\"688fb21d\" data-element_type=\"column\" data-e-type=\"column\">\n\t\t\t<div class=\"elementor-widget-wrap elementor-element-populated\">\n\t\t\t\t\t\t<div class=\"elementor-element elementor-element-20b7961e elementor-widget__width-auto elementor-invisible elementor-widget elementor-widget-heading\" data-id=\"20b7961e\" data-element_type=\"widget\" data-e-type=\"widget\" data-settings=\"{&quot;_animation&quot;:&quot;fadeInRight&quot;}\" data-widget_type=\"heading.default\">\n\t\t\t\t<div class=\"elementor-widget-container\">\n\t\t\t\t\t<h2 class=\"elementor-heading-title elementor-size-default\">Sobre Nosotros<\/h2>\t\t\t\t<\/div>\n\t\t\t\t<\/div>\n\t\t\t\t<div class=\"elementor-element elementor-element-3b7a4162 elementor-invisible elementor-widget elementor-widget-heading\" data-id=\"3b7a4162\" data-element_type=\"widget\" data-e-type=\"widget\" data-settings=\"{&quot;_animation&quot;:&quot;fadeInRight&quot;,&quot;_animation_delay&quot;:200}\" data-widget_type=\"heading.default\">\n\t\t\t\t<div class=\"elementor-widget-container\">\n\t\t\t\t\t<h2 class=\"elementor-heading-title elementor-size-default\">Somos una peque\u00f1a empresa familiar con m\u00e1s de una d\u00e9cada de experiencia en el sector. Desde 2014, nos hemos dedicado a ofrecer servicios de limpieza con compromiso, seriedad y atenci\u00f3n personalizada. Nuestro crecimiento ha sido posible gracias a la confianza de nuestros clientes y a la calidad de nuestro trabajo.\n<br><br>\nOfrecemos soluciones de limpieza para comunidades, comercios, oficinas, colegios, garajes y limpiezas de fin de obra. Nos especializamos en el mantenimiento de escaparates y en el abrillantado de suelos, utilizando productos y t\u00e9cnicas que garantizan excelentes resultados.<\/h2>\t\t\t\t<\/div>\n\t\t\t\t<\/div>\n\t\t\t\t<div class=\"elementor-element elementor-element-5817dac7 elementor-invisible elementor-widget elementor-widget-button\" data-id=\"5817dac7\" data-element_type=\"widget\" data-e-type=\"widget\" data-settings=\"{&quot;_animation&quot;:&quot;fadeInRight&quot;,&quot;_animation_delay&quot;:400}\" data-widget_type=\"button.default\">\n\t\t\t\t<div class=\"elementor-widget-container\">\n\t\t\t\t\t\t\t\t\t<div class=\"elementor-button-wrapper\">\n\t\t\t\t\t<a class=\"elementor-button elementor-button-link elementor-size-sm elementor-animation-sink\" href=\"https:\/\/limpiezaslamiaberri.com\/servicios\/\">\n\t\t\t\t\t\t<span class=\"elementor-button-content-wrapper\">\n\t\t\t\t\t\t\t\t\t<span class=\"elementor-button-text\">Saber M\u00e1s<\/span>\n\t\t\t\t\t<\/span>\n\t\t\t\t\t<\/a>\n\t\t\t\t<\/div>\n\t\t\t\t\t\t\t\t<\/div>\n\t\t\t\t<\/div>\n\t\t\t\t\t<\/div>\n\t\t<\/div>\n\t\t\t\t\t<\/div>\n\t\t<\/section>\n\t\t\t\t<section class=\"elementor-section elementor-top-section elementor-element elementor-element-78f093cd elementor-section-full_width elementor-section-height-default elementor-section-height-default\" data-id=\"78f093cd\" data-element_type=\"section\" data-e-type=\"section\" data-settings=\"{&quot;background_background&quot;:&quot;classic&quot;}\">\n\t\t\t\t\t\t\t<div class=\"elementor-background-overlay\"><\/div>\n\t\t\t\t\t\t\t<div class=\"elementor-container elementor-column-gap-default\">\n\t\t\t\t\t<div class=\"elementor-column elementor-col-50 elementor-top-column elementor-element elementor-element-726773ab\" data-id=\"726773ab\" data-element_type=\"column\" data-e-type=\"column\">\n\t\t\t<div class=\"elementor-widget-wrap elementor-element-populated\">\n\t\t\t\t\t\t<div class=\"elementor-element elementor-element-2139ac5c elementor-invisible elementor-widget elementor-widget-heading\" data-id=\"2139ac5c\" data-element_type=\"widget\" data-e-type=\"widget\" data-settings=\"{&quot;_animation&quot;:&quot;fadeInLeft&quot;}\" data-widget_type=\"heading.default\">\n\t\t\t\t<div class=\"elementor-widget-container\">\n\t\t\t\t\t<h2 class=\"elementor-heading-title elementor-size-default\">\u00a1Solicita tu presupuesto sin compromiso!<\/h2>\t\t\t\t<\/div>\n\t\t\t\t<\/div>\n\t\t\t\t<div class=\"elementor-element elementor-element-1341150e elementor-invisible elementor-widget elementor-widget-heading\" data-id=\"1341150e\" data-element_type=\"widget\" data-e-type=\"widget\" data-settings=\"{&quot;_animation&quot;:&quot;fadeInLeft&quot;,&quot;_animation_delay&quot;:300}\" data-widget_type=\"heading.default\">\n\t\t\t\t<div class=\"elementor-widget-container\">\n\t\t\t\t\t<h2 class=\"elementor-heading-title elementor-size-default\"><a href=\"tel:%20+34%20609%20453%20807\">Ll\u00e1manos: +34 656 789 434<\/a><\/h2>\t\t\t\t<\/div>\n\t\t\t\t<\/div>\n\t\t\t\t\t<\/div>\n\t\t<\/div>\n\t\t\t\t<div class=\"elementor-column elementor-col-50 elementor-top-column elementor-element elementor-element-22bb635b\" data-id=\"22bb635b\" data-element_type=\"column\" data-e-type=\"column\">\n\t\t\t<div class=\"elementor-widget-wrap elementor-element-populated\">\n\t\t\t\t\t\t<div class=\"elementor-element elementor-element-1fcaf85e elementor-align-right elementor-mobile-align-center elementor-invisible elementor-widget elementor-widget-button\" data-id=\"1fcaf85e\" data-element_type=\"widget\" data-e-type=\"widget\" data-settings=\"{&quot;_animation&quot;:&quot;fadeInLeft&quot;,&quot;_animation_delay&quot;:500}\" data-widget_type=\"button.default\">\n\t\t\t\t<div class=\"elementor-widget-container\">\n\t\t\t\t\t\t\t\t\t<div class=\"elementor-button-wrapper\">\n\t\t\t\t\t<a class=\"elementor-button elementor-button-link elementor-size-sm\" href=\"https:\/\/limpiezaslamiaberri.com\/contacto\/\">\n\t\t\t\t\t\t<span class=\"elementor-button-content-wrapper\">\n\t\t\t\t\t\t\t\t\t<span class=\"elementor-button-text\">Reserva Ahora<\/span>\n\t\t\t\t\t<\/span>\n\t\t\t\t\t<\/a>\n\t\t\t\t<\/div>\n\t\t\t\t\t\t\t\t<\/div>\n\t\t\t\t<\/div>\n\t\t\t\t\t<\/div>\n\t\t<\/div>\n\t\t\t\t\t<\/div>\n\t\t<\/section>\n\t\t\t\t<\/div>\n\t\t","protected":false},"excerpt":{"rendered":"<p>Bienvenidos A Limpiezas Lamiaberri \u00a1Tu limpieza en manos de expertos! Adaptado a tus necesidades Reserva Ahora Sobre Nosotros Somos una peque\u00f1a empresa familiar con m\u00e1s de una d\u00e9cada de experiencia en el sector. Desde 2014, nos hemos dedicado a ofrecer servicios de limpieza con compromiso, seriedad y atenci\u00f3n personalizada. Nuestro crecimiento ha sido posible gracias [&hellip;]<\/p>\n","protected":false},"author":2,"featured_media":0,"parent":0,"menu_order":0,"comment_status":"closed","ping_status":"closed","template":"elementor_canvas","meta":{"footnotes":""},"class_list":["post-2","page","type-page","status-publish","hentry"],"yoast_head":"<!-- This site is optimized with the Yoast SEO plugin v27.4 - https:\/\/yoast.com\/product\/yoast-seo-wordpress\/ -->\n<title>Inicio - Limpiezas Lamiaberri<\/title>\n<meta name=\"robots\" content=\"index, follow, max-snippet:-1, max-image-preview:large, max-video-preview:-1\" \/>\n<link rel=\"canonical\" href=\"https:\/\/limpiezaslamiaberri.com\/eus\/\" \/>\n<meta property=\"og:locale\" content=\"en_US\" \/>\n<meta property=\"og:type\" content=\"article\" \/>\n<meta property=\"og:title\" content=\"Inicio - Limpiezas Lamiaberri\" \/>\n<meta property=\"og:description\" content=\"Bienvenidos A Limpiezas Lamiaberri \u00a1Tu limpieza en manos de expertos! Adaptado a tus necesidades Reserva Ahora Sobre Nosotros Somos una peque\u00f1a empresa familiar con m\u00e1s de una d\u00e9cada de experiencia en el sector. Desde 2014, nos hemos dedicado a ofrecer servicios de limpieza con compromiso, seriedad y atenci\u00f3n personalizada. Nuestro crecimiento ha sido posible gracias [&hellip;]\" \/>\n<meta property=\"og:url\" content=\"https:\/\/limpiezaslamiaberri.com\/eus\/\" \/>\n<meta property=\"og:site_name\" content=\"Limpiezas Lamiaberri\" \/>\n<meta property=\"article:modified_time\" content=\"2025-02-06T17:12:17+00:00\" \/>\n<meta name=\"twitter:card\" content=\"summary_large_image\" \/>\n<meta name=\"twitter:label1\" content=\"Est. reading time\" \/>\n\t<meta name=\"twitter:data1\" content=\"1 minutua\" \/>\n<script type=\"application\/ld+json\" class=\"yoast-schema-graph\">{\"@context\":\"https:\\\/\\\/schema.org\",\"@graph\":[{\"@type\":\"WebPage\",\"@id\":\"https:\\\/\\\/limpiezaslamiaberri.com\\\/\",\"url\":\"https:\\\/\\\/limpiezaslamiaberri.com\\\/\",\"name\":\"Inicio - Limpiezas Lamiaberri\",\"isPartOf\":{\"@id\":\"https:\\\/\\\/limpiezaslamiaberri.com\\\/#website\"},\"datePublished\":\"2024-12-24T13:17:08+00:00\",\"dateModified\":\"2025-02-06T17:12:17+00:00\",\"breadcrumb\":{\"@id\":\"https:\\\/\\\/limpiezaslamiaberri.com\\\/#breadcrumb\"},\"inLanguage\":\"eu\",\"potentialAction\":[{\"@type\":\"ReadAction\",\"target\":[\"https:\\\/\\\/limpiezaslamiaberri.com\\\/\"]}]},{\"@type\":\"BreadcrumbList\",\"@id\":\"https:\\\/\\\/limpiezaslamiaberri.com\\\/#breadcrumb\",\"itemListElement\":[{\"@type\":\"ListItem\",\"position\":1,\"name\":\"Portada\",\"item\":\"https:\\\/\\\/limpiezaslamiaberri.com\\\/\"},{\"@type\":\"ListItem\",\"position\":2,\"name\":\"Inicio\"}]},{\"@type\":\"WebSite\",\"@id\":\"https:\\\/\\\/limpiezaslamiaberri.com\\\/#website\",\"url\":\"https:\\\/\\\/limpiezaslamiaberri.com\\\/\",\"name\":\"Limpiezas Lamiaberri\",\"description\":\"Servicios de limpiezas en comunidades, viviendas y oficinas.\",\"publisher\":{\"@id\":\"https:\\\/\\\/limpiezaslamiaberri.com\\\/#organization\"},\"potentialAction\":[{\"@type\":\"SearchAction\",\"target\":{\"@type\":\"EntryPoint\",\"urlTemplate\":\"https:\\\/\\\/limpiezaslamiaberri.com\\\/?s={search_term_string}\"},\"query-input\":{\"@type\":\"PropertyValueSpecification\",\"valueRequired\":true,\"valueName\":\"search_term_string\"}}],\"inLanguage\":\"eu\"},{\"@type\":\"Organization\",\"@id\":\"https:\\\/\\\/limpiezaslamiaberri.com\\\/#organization\",\"name\":\"Limpiezas Lamiaberri\",\"url\":\"https:\\\/\\\/limpiezaslamiaberri.com\\\/\",\"logo\":{\"@type\":\"ImageObject\",\"inLanguage\":\"eu\",\"@id\":\"https:\\\/\\\/limpiezaslamiaberri.com\\\/#\\\/schema\\\/logo\\\/image\\\/\",\"url\":\"https:\\\/\\\/limpiezaslamiaberri.com\\\/wp-content\\\/uploads\\\/2025\\\/02\\\/cropped-Esku-Terapiak-Ager.png\",\"contentUrl\":\"https:\\\/\\\/limpiezaslamiaberri.com\\\/wp-content\\\/uploads\\\/2025\\\/02\\\/cropped-Esku-Terapiak-Ager.png\",\"width\":468,\"height\":232,\"caption\":\"Limpiezas Lamiaberri\"},\"image\":{\"@id\":\"https:\\\/\\\/limpiezaslamiaberri.com\\\/#\\\/schema\\\/logo\\\/image\\\/\"}}]}<\/script>\n<!-- \/ Yoast SEO plugin. -->","yoast_head_json":{"title":"Inicio - Limpiezas Lamiaberri","robots":{"index":"index","follow":"follow","max-snippet":"max-snippet:-1","max-image-preview":"max-image-preview:large","max-video-preview":"max-video-preview:-1"},"canonical":"https:\/\/limpiezaslamiaberri.com\/eus\/","og_locale":"en_US","og_type":"article","og_title":"Inicio - Limpiezas Lamiaberri","og_description":"Bienvenidos A Limpiezas Lamiaberri \u00a1Tu limpieza en manos de expertos! Adaptado a tus necesidades Reserva Ahora Sobre Nosotros Somos una peque\u00f1a empresa familiar con m\u00e1s de una d\u00e9cada de experiencia en el sector. Desde 2014, nos hemos dedicado a ofrecer servicios de limpieza con compromiso, seriedad y atenci\u00f3n personalizada. Nuestro crecimiento ha sido posible gracias [&hellip;]","og_url":"https:\/\/limpiezaslamiaberri.com\/eus\/","og_site_name":"Limpiezas Lamiaberri","article_modified_time":"2025-02-06T17:12:17+00:00","twitter_card":"summary_large_image","twitter_misc":{"Est. reading time":"1 minutua"},"schema":{"@context":"https:\/\/schema.org","@graph":[{"@type":"WebPage","@id":"https:\/\/limpiezaslamiaberri.com\/","url":"https:\/\/limpiezaslamiaberri.com\/","name":"Inicio - Limpiezas Lamiaberri","isPartOf":{"@id":"https:\/\/limpiezaslamiaberri.com\/#website"},"datePublished":"2024-12-24T13:17:08+00:00","dateModified":"2025-02-06T17:12:17+00:00","breadcrumb":{"@id":"https:\/\/limpiezaslamiaberri.com\/#breadcrumb"},"inLanguage":"eu","potentialAction":[{"@type":"ReadAction","target":["https:\/\/limpiezaslamiaberri.com\/"]}]},{"@type":"BreadcrumbList","@id":"https:\/\/limpiezaslamiaberri.com\/#breadcrumb","itemListElement":[{"@type":"ListItem","position":1,"name":"Portada","item":"https:\/\/limpiezaslamiaberri.com\/"},{"@type":"ListItem","position":2,"name":"Inicio"}]},{"@type":"WebSite","@id":"https:\/\/limpiezaslamiaberri.com\/#website","url":"https:\/\/limpiezaslamiaberri.com\/","name":"Limpiezas Lamiaberri","description":"Servicios de limpiezas en comunidades, viviendas y oficinas.","publisher":{"@id":"https:\/\/limpiezaslamiaberri.com\/#organization"},"potentialAction":[{"@type":"SearchAction","target":{"@type":"EntryPoint","urlTemplate":"https:\/\/limpiezaslamiaberri.com\/?s={search_term_string}"},"query-input":{"@type":"PropertyValueSpecification","valueRequired":true,"valueName":"search_term_string"}}],"inLanguage":"eu"},{"@type":"Organization","@id":"https:\/\/limpiezaslamiaberri.com\/#organization","name":"Limpiezas Lamiaberri","url":"https:\/\/limpiezaslamiaberri.com\/","logo":{"@type":"ImageObject","inLanguage":"eu","@id":"https:\/\/limpiezaslamiaberri.com\/#\/schema\/logo\/image\/","url":"https:\/\/limpiezaslamiaberri.com\/wp-content\/uploads\/2025\/02\/cropped-Esku-Terapiak-Ager.png","contentUrl":"https:\/\/limpiezaslamiaberri.com\/wp-content\/uploads\/2025\/02\/cropped-Esku-Terapiak-Ager.png","width":468,"height":232,"caption":"Limpiezas Lamiaberri"},"image":{"@id":"https:\/\/limpiezaslamiaberri.com\/#\/schema\/logo\/image\/"}}]}},"_links":{"self":[{"href":"https:\/\/limpiezaslamiaberri.com\/eus\/wp-json\/wp\/v2\/pages\/2","targetHints":{"allow":["GET"]}}],"collection":[{"href":"https:\/\/limpiezaslamiaberri.com\/eus\/wp-json\/wp\/v2\/pages"}],"about":[{"href":"https:\/\/limpiezaslamiaberri.com\/eus\/wp-json\/wp\/v2\/types\/page"}],"author":[{"embeddable":true,"href":"https:\/\/limpiezaslamiaberri.com\/eus\/wp-json\/wp\/v2\/users\/2"}],"replies":[{"embeddable":true,"href":"https:\/\/limpiezaslamiaberri.com\/eus\/wp-json\/wp\/v2\/comments?post=2"}],"version-history":[{"count":334,"href":"https:\/\/limpiezaslamiaberri.com\/eus\/wp-json\/wp\/v2\/pages\/2\/revisions"}],"predecessor-version":[{"id":925,"href":"https:\/\/limpiezaslamiaberri.com\/eus\/wp-json\/wp\/v2\/pages\/2\/revisions\/925"}],"wp:attachment":[{"href":"https:\/\/limpiezaslamiaberri.com\/eus\/wp-json\/wp\/v2\/media?parent=2"}],"curies":[{"name":"wp","href":"https:\/\/api.w.org\/{rel}","templated":true}]}}